 - 204. List the prime factors of (-6 + (-87)/(-12))*m.
3, 5
Let j be ((-6)/4 + -1)*10. Let s be j/(-100) + 106/(-8) + -1. What are the prime factors of (s - -13)/((-2)/208)?
2, 13
Let x = -15054 - -22698. List the prime factors of x.
2, 3, 7, 13
Let d(a) = 21*a**2 + 142*a - 5. List the prime factors of d(-33).
2, 61, 149
Let b(v) = 2*v**3 + 57*v**2 - 51*v + 21. What are the prime factors of b(-28)?
7, 11, 29
Let h(q) = -6*q + 6. Let n be h(1). Suppose u = -3*w + 1, n*w - 9 = w + 5*u. Let s = 100 - w. What are the prime factors of s?
3, 11
Let a = -73 + 72. Let m be (-75)/18 + a/(-6). List the prime factors of m + (-96)/(-18) + 1252/6.
2, 3, 5, 7
Let s = -33 + 35. Let g be 1/s*(5 - 11). What are the prime factors of 4/((-12)/(-207)) + g?
2, 3, 11
Suppose 2*j = -3*i + 6, -4*j + 6 = -4*i + 7*i. Suppose -47*u + 40*u + 10052 = j. List the prime factors of u.
2, 359
What are the prime factors of (-43905)/(-40)*(18 + -10)?
3, 2927
Suppose 4*u = -5*h - 1129, -h = -4*h - 15. Let s = -85 - u. List the prime factors of s.
191
Let s(v) = -14471*v - 315. List the prime factors of s(-1).
2, 3539
Let w(l) = 282*l + 965. What are the prime factors of w(4)?
7, 13, 23
Suppose -3*b - 2310 + 857 = -4*h, 4*b + 1817 = 5*h. Let w = -67 + h. List the prime factors of w.
2, 3, 7
Let l be (156/20 + -6)/(3/50). Suppose l*q + 2481 = 29331. What are the prime factors of q?
5, 179
Let u be (-5 - -8)*(-1605)/(-9). Suppose 2135 = 5*h + u. What are the prime factors of h?
2, 5
Let g(c) = c**2 - c - 1. Let j be g(4). Suppose -j*m + 28 = -16. Suppose 135 = -m*x + 7*x. List the prime factors of x.
3, 5
Suppose -357*q + 27403 = -355*q - p, -4*q + 5*p + 54827 = 0. List the prime factors of q.
2, 3, 761
Let l(n) = 57*n**2 + n - 4. Let k be (5 + 1)*3/(-9). Let b be l(k). Suppose i + 60 - b = 0. What are the prime factors of i?
2, 3
Let n(d) = 2*d**2 - 4*d - 158. Let x be n(10). Suppose b = -4*m + 851, x*b - 45*m - 1698 = -49*m. List the prime factors of b.
7, 11
What are the prime factors of (-15 + (-11 - -5064))*1?
2, 11, 229
Let j = -1047 + 1047. Let n(t) = -2*t - 3. Let s be n(-4). Suppose -2*k + s*y = -72, j = -3*k - 2*k - 4*y + 246. What are the prime factors of k?
2, 23
Suppose 7*r + 16 = 3*r + 2*q, 0 = -2*r + 3*q. What are the prime factors of -15*((-3)/18)/(r/(-2472))?
2, 5, 103
Let c be (0/(-3))/(-3 - (3 + -1)). Suppose c = 25*s - 0*s - 9275. List the prime factors of s.
7, 53
Suppose -3224 = -5*c + m - 3*m, 5*c - 4*m - 3242 = 0. Let j = c + -252. List the prime factors of j.
2, 197
What are the prime factors of -5*(-6)/9*(-53)/((-1060)/182880)?
2, 3, 5, 127
Let a = 268 - 120. Let f = -104 + a. What are the prime factors of f?
2, 11
Suppose -q - 215 = 113. Let m = 807 + q. List the prime factors of m.
479
Let h be (-7)/((-14)/(-3)) + (-87)/(-6). Suppose h*q = 92 + 12. What are the prime factors of ((-2)/q)/((-8)/416)?
13
Suppose -19*p = -69681 - 29290. What are the prime factors of p?
5209
Let s(z) = -z**3 - 16*z**2 - 15*z. Let h be s(-15). Let j(i) = -2 + 9 + h - 21*i - 1. What are the prime factors of j(-4)?
2, 3, 5
Let i(m) = 7741*m - 95. What are the prime factors of i(2)?
3, 23, 223
What are the prime factors of (-7)/(245/77) + (-1)/(-5) + 21603?
21601
Let n be 2/(-15) + (96/45 - 3). Let f be n/(-4) - 21651/(-84). Suppose k = -2*k + f. List the prime factors of k.
2, 43
Suppose 3*h - 11 = -2. Suppose -23 = -h*r + 97. List the prime factors of (-28)/(-42)*(r - 1).
2, 13
Let v = -10672 + 24805. What are the prime factors of v?
3, 7, 673
List the prime factors of 48/40*(6 + -6 - -10510).
2, 3, 1051
Let f(q) = -3*q**2 + 3*q - 14. Suppose 2*a = 3 + 9. Let o be f(a). What are the prime factors of o/(-6)*(-1)/(4/(-30))?
2, 5, 13
Let d(a) = 2*a**2 + 10*a + 2. Let r be d(-5). Suppose g = r*i - 4*i + 546, -540 = -2*i - 4*g. What are the prime factors of (-9)/(-6)*i/3?
137
Let h(p) = 2*p**2 + p + 4. Let n be (-6)/3 + 5 - 3. Let c be h(n). List the prime factors of ((2/c)/(-1))/((-2)/1176).
2, 3, 7
Let t(q) = -14014*q - 184. List the prime factors of t(-3).
2, 20929
Suppose -z + 27980 = -5*i, 6719 = 3*z + 5*i - 77261. List the prime factors of z.
2, 3, 5, 311
Suppose 4*j - 82592 = -4*a, -a = -31*j + 35*j - 20627. What are the prime factors of a?
3, 5, 17
Suppose 11*a = 8134 + 13932. Let u = a + -1286. Suppose -u = -14*c + 4*c. What are the prime factors of c?
2, 3
Suppose 4*x - 472 = -4*f, 5*x - 54 - 56 = -f. Let d(n) = n**2 + 14*n + 44. Let w be d(-10). Suppose -w*h + 312 + f = 0. What are the prime factors of h?
2, 3
Let m(l) = 2*l - 5. Let h be m(5). Suppose -h*x - 101 = -731. What are the prime factors of 1/(-7) + 270/x?
2
Suppose -7 = -3*r + h, -r - 29 = -2*r - 5*h. Let k(m) = -m**3 + 7*m**2 + m + 7. Let o be k(7). Suppose r*g - o = 3*g. What are the prime factors of g?
2, 7
What are the prime factors of (-55)/1100 - 10461/(-20)?
523
Let w = 89 + -104. Let a(l) be the third derivative of l**6/120 + 17*l**5/60 + 5*l**4/6 + l**3 - 18*l**2. What are the prime factors of a(w)?
2, 3, 13
Suppose 3*v - v - 3092 = -4*h, -5*h + 3*v + 3876 = 0. Suppose -531 - h = -3*k. List the prime factors of k.
3, 5, 29
Let k(u) = 16*u**2 + 15*u + 7. Let m(j) = -49*j**2 - 44*j - 22. Let t(l) = 17*k(l) + 6*m(l). Let b be t(-2). Let q = b - -109. What are the prime factors of q?
2, 13
Suppose -22*k + 13 = u - 17*k, -3*u = -5*k + 1. Suppose -3*j + 2*s = -u*s - 1571, 5*j + 2*s - 2639 = 0. What are the prime factors of j?
17, 31
What are the prime factors of (7 + -4)*(6935/15 - 1)?
2, 173
Let f = 11 + -6. Let q be ((-4)/f)/(-4*(-2)/20). List the prime factors of q - (-154 - -4) - 3.
5, 29
Let m = -683 - -696. Suppose -m*g + 11723 = -588. List the prime factors of g.
947
Let o(d) = 74*d**2 + 217*d - 1256. What are the prime factors of o(6)?
2, 5, 271
List the prime factors of ((-20)/18)/(-10)*-6*144657/(-6).
16073
List the prime factors of (16/10 + 0)/((-6)/(-8835)).
2, 19, 31
Let r(y) = 4973*y - 5327. What are the prime factors of r(5)?
2, 9769
Suppose 4*a + 1 = 5, 5*h + 5*a = 15. List the prime factors of (h - 3/2) + (-37531)/(-26).
2, 19
Suppose -4596 = -x + 5*r, 3*x - 4*r + 2299 - 16109 = 0. List the prime factors of x.
2, 7, 47
Let q(s) = s**3 - 12*s**2 + 12*s + 15. Suppose -19*f + 110 = -9*f. What are the prime factors of q(f)?
2, 13
Let j = -71 + 73. Suppose -j*f = -31*f + 10237. What are the prime factors of f?
353
What are the prime factors of (-2 - -18292)*((-40)/140 + (-27)/(-21))?
2, 5, 31, 59
Let m = 30916 + -20623. What are the prime factors of m?
3, 47, 73
Let m = -36904 + 66164. List the prime factors of m.
2, 5, 7, 11, 19
Suppose -3*a - a - 20 = 0, 4*p + 5*a = 45567. Suppose p = 9*c + 2092. What are the prime factors of c?
2, 11, 47
Suppose -a + 5*a = -888. Let k = -1190 - -1063. Let b = k - a. What are the prime factors of b?
5, 19
Suppose 3*r - 8385 = -j, 3*j - 8*r + 3*r = 25113. List the prime factors of (-10)/35 + j/14.
2, 13, 23
Let v(c) = c**3 - 4*c**2 + 4*c + 1. Let b be v(3). Suppose 5*d = 5*y - 105, 108 = b*y + 8*d - 4*d. Let u = 14 + y. List the prime factors of u.
2, 19
Let v be (6/(-9))/((-2)/9). Let d(o) = 5 + 3 - 10 + 18 + 2*o + 40*o. List the prime factors of d(v).
2, 71
Let z = 33638 - 21622. What are the prime factors of z?
2, 751
Suppose 1800*p - 1796*p + 27982 = 5*d, p + 11197 = 2*d. What are the prime factors of d?
2, 2801
Let o = -2829 + 5235. Suppose 7*g = -4*j + 5*g + o, -9 = -3*g. What are the prime factors of ((-14)/(-5))/(12/j)?
2, 5, 7
Suppose 0 = -39*w + 38*w + 16. List the prime factors of (-616)/w*1*-6*1.
3, 7, 11
Let d = -38783 + 71834. List the prime factors of d.
3, 23, 479
Suppose 5*h + 2*p - 97802 = 122175, 0 = p - 6. List the prime factors of h.
29, 37, 41
Let k(u) = -u**3 + 7*u**2 - 2*u - 42. Let r be k(6). List the prime factors of -3*(-2)/18 - 2424/r.
3, 5
Let m = -84 + 114. List the prime factors of 30/(-4)*((-1602)/m - -9).
3, 37
Suppose 12*j + 466 - 10 = 0. List the prime factors of (-1 + -33)*j/4.
17, 19
Let h be (5 + -4)*6 - 4. Let x be 4 - h*1/(-2). Suppose -4*v = -3*d + v + 466, x = -v. List the prime factors of d.
3, 7
Suppose 0 = -2*t - 51 - 33. Let l = 130 + t. What are the prime factors of 244/6*11/(l/12)?
61
Let x = -116 + -340. Let j = x + 1223. What are the prime factors of j?
13, 59
Let r = 9641 - -1518. Suppose 0 = 22*m - r - 10